 a(f) = 1051*f**2 + 7*f + 2. What are the prime factors of a(-1)?
2, 523
Let m be 66/2*-1 + 3. Let w = m + 28. What are the prime factors of (1/w)/(8/(-352))?
2, 11
Let t be 4/(5/(45/6)). Suppose 2*y = t*y - 20. Suppose 0 = -4*n - 20, n + 43 = y*b - 3*b. List the prime factors of b.
19
Let q(h) = -h + 0*h + 3 + 2*h. Let n(p) = -2*p + 27. Let b be n(8). List the prime factors of q(b).
2, 7
Let j be (-326)/12 + 5/30. Let u = 30 + j. Suppose -4*x = 4*b - 12, 8*b + 4*x = u*b + 15. What are the prime factors of b?
3
Suppose 5*f - 4*c = 7974, -2*f - 4*c + 5192 - 2008 = 0. List the prime factors of f.
2, 797
Suppose 0 = -0*v - v. Let m(n) = -n + 3. Let z be m(v). Suppose 0 = -r + z*h + 9, -2*r - r = -2*h - 41. What are the prime factors of r?
3, 5
Let z(g) = 22*g + 12. Let x be z(2). Let o = 87 - x. What are the prime factors of o?
31
Let s(t) be the second derivative of 7*t**3/2 + 19*t**2/2 + 21*t. List the prime factors of s(5).
2, 31
Let z be 0*(-3)/3*1. Suppose 2*k + 10 = -0*x + 2*x, -5*k + 2*x - 28 = z. List the prime factors of (20/k*21)/(-2).
5, 7
Let l(q) = 51*q**2 - 27*q + 81. List the prime factors of l(4).
3, 263
Let o = 51 + -111. Let r = o - -101. What are the prime factors of r?
41
Suppose -2*l = 4*s - 1242, -14*s - 607 = -l - 9*s. What are the prime factors of l?
617
Let y(w) be the first derivative of -w**4/4 - 7*w**3/3 - 5*w**2 + 8*w + 1. Suppose 84 + 56 = -28*j. What are the prime factors of y(j)?
2
Let l(o) = -21*o - 100. What are the prime factors of l(-12)?
2, 19
Let q = -121 - -174. List the prime factors of q.
53
Let p(b) = -3*b**3 - 11*b**2 - 10*b - 5. What are the prime factors of p(-7)?
3, 5, 37
Let m be (-2 - (1 - 1)) + -1. Let t(s) = -5*s**3 - 2*s**2 + 2*s - 1. What are the prime factors of t(m)?
2, 5, 11
Suppose -52*y - 156416 = -99*y. List the prime factors of y.
2, 13
Let x(z) = -z**3 - 3*z**2 + 3*z + 1. Suppose 4 = 2*j - 3*j. Let n be x(j). Suppose n*h = -0*h + 130. List the prime factors of h.
2, 13
Let t(m) = -120*m - 243. Let g(v) = 24*v + 49. Let d(c) = -11*g(c) - 2*t(c). What are the prime factors of d(-10)?
11, 17
What are the prime factors of ((-120096)/63)/12*14/(-4)?
2, 139
Suppose 1330 = b + 6*b. List the prime factors of b.
2, 5, 19
What are the prime factors of (-26495)/(-21) + 3 - 1/(-3)?
5, 11, 23
Let l = 14 - 10. Suppose 3*p = 0, 0*p = -l*c + 5*p + 16. Suppose -c*x + 14 = 2. What are the prime factors of x?
3
Let m = 1078 - 932. What are the prime factors of m?
2, 73
Let x(p) = 244*p + 72. List the prime factors of x(9).
2, 3, 7
What are the prime factors of (1728/324)/((-1)/(-489))?
2, 163
Let u(l) = l**2 + 45*l + 25. List the prime factors of u(11).
641
Suppose 12*m - 4 = 11*m. Suppose -2*b - b - 4*g = -276, 0 = m*g. List the prime factors of b.
2, 23
Suppose 67 = 28*p - 29*p. Let d = p + 256. List the prime factors of d.
3, 7
Suppose 4*u - w - 9 - 3 = 0, 0 = -2*u + 3*w + 16. List the prime factors of 11*(u*-1)/(20/(-30)).
3, 11
Let a = -16 - 13. Let b = 11 + a. List the prime factors of b*(4 + -4 + -3).
2, 3
Let f(m) = -24*m - 7. List the prime factors of f(-12).
281
Suppose -5*u - 3 + 23 = -5*q, -2*q - 2 = 0. Suppose u*a - 4*a + 1 = 0. List the prime factors of -3 - ((-17)/1 - a).
3, 5
Let h(r) = r**2 - 23*r - 19. Let q be h(24). List the prime factors of ((1448/q)/(-4))/((-6)/15).
181
Let h(w) = -457*w + 4. Let f be h(-1). Let v = -265 + f. What are the prime factors of v?
2, 7
Suppose -6243 = -4*w + a, -5*w + 2643 = 3*a - 5182. What are the prime factors of w?
2, 11, 71
Suppose 3*t + u + 19 - 259 = 0, 5*u = 2*t - 177. Suppose -5 = -2*i + t. What are the prime factors of i?
43
Suppose 0 = -3*f + 4*v + 9, 0 = 3*f - 0*f + v + 6. Suppose 5*m - 22*m = 68. List the prime factors of f*60/m + 1.
2
Let f(x) = x**2 + 3*x. Let i = 17 + -14. Suppose 0 - 12 = -i*p. List the prime factors of f(p).
2, 7
Let z = 88 - 86. Suppose z*r = 276 + 50. What are the prime factors of r?
163
List the prime factors of ((-26960)/(-32))/(2/8).
2, 5, 337
Let y(z) = 41*z + 4. Let q(f) = 122*f + 12. Let g(t) = -3*q(t) + 8*y(t). List the prime factors of g(-4).
2, 37
Suppose 2*a = 3*h + 246, -a + 5*a - 5*h = 490. Suppose 5*t = 5*j + a, -94 = -4*t - 2*j + 2. What are the prime factors of t?
2, 3
Let v(t) be the second derivative of -t**6/720 + 3*t**5/40 + t**4/3 + 3*t. Let y(l) be the third derivative of v(l). What are the prime factors of y(-9)?
2, 3
Let i = 3123 - 1769. List the prime factors of i.
2, 677
Suppose -18 = -4*f + 2*y - 3*y, 2*f - 8 = -y. Let w(l) = -l**2 + 7*l - 10. Let k be w(5). Suppose k = -s + f. What are the prime factors of s?
5
Let q(u) = -2*u**2 + 4*u. Let v be q(3). Let w(t) = t**2 - t - 13. What are the prime factors of w(v)?
29
Suppose -b - 2*b - 192 = 0. Let n = -28 - b. Suppose -7*s = -4*s - n. List the prime factors of s.
2, 3
Suppose -8*u = u - 11790. List the prime factors of u.
2, 5, 131
Let u = 3 + -1. Suppose -2*m - s = s - 6, u*s = -3*m + 9. Suppose 0*o + m*o - 34 = -4*x, 3*o = 3*x - 36. What are the prime factors of x?
2, 5
Suppose 3 = 8*m - 9*m. Let l(t) = -7*t**3 + 5*t + 2. List the prime factors of l(m).
2, 11
Let y(k) be the third derivative of 5*k**5/12 + k**4/8 - k**3/6 - 7*k**2. Let m be y(2). What are the prime factors of m/9 + (-1)/(-3)?
2, 3
Let k be 4/(-14) + (-2400)/(-21). Let a be (-36)/1 - (17 - 15). What are the prime factors of (-840)/a + (-12)/k?
2, 11
Suppose 6*z - 10 = 8. Suppose -z*p + h = -161, 0 = -2*h + 13 - 11. List the prime factors of p.
2, 3
Let y(o) = -20*o - 2. Let m = 42 + -48. List the prime factors of y(m).
2, 59
Suppose 7*v - 25 = 2*v. Let i(d) = -6*d + 2*d + 51 + v*d. What are the prime factors of i(0)?
3, 17
Let o = 3683 - 2210. What are the prime factors of o?
3, 491
Suppose -2097 - 1529 = -7*p. Suppose -5*q = 123 - p. What are the prime factors of q?
79
Let z(k) be the first derivative of 7*k**2/2 + 6*k + 3. Let d be 6 + 1 + (-5 - -2). List the prime factors of z(d).
2, 17
Let m(q) = -q**2 + 19*q + 5. Let s be m(19). Suppose -k + 28 = -5*h - 2*k, 0 = -2*h + k - 7. What are the prime factors of h + s + 41*1?
41
Suppose -r = -6*r + 15. Suppose 2*k = -0*k + d + 147, -r*k + 4*d + 218 = 0. Suppose 0 = -4*u - k + 190. List the prime factors of u.
29
Let l(z) = -3*z**3 + 2*z**2 - z + 37. What are the prime factors of l(-7)?
1171
Suppose 4*m - 5*l + l + 52 = 0, m + 9 = -3*l. Let a = 13 + m. Let f = 18 + a. List the prime factors of f.
19
Suppose -2*o + 40 = 8*o. Suppose 114 = z - o*j, 3*z + j = -j + 328. List the prime factors of z.
2, 5, 11
Suppose 0 = -0*k - 4*k + 12. Suppose i + 3*l - 3 = 0, i - k = 2*i + l. Let s(h) = -h**3 - 4*h**2 + 9*h + 6. What are the prime factors of s(i)?
2, 3
Let m = -40 - -15. Suppose -199 = 4*t + 1. Let k = m - t. What are the prime factors of k?
5
Let j(f) = 5*f + 8. Let y(x) = -6*x - 9. Let v(b) = -3*j(b) - 4*y(b). List the prime factors of v(6).
2, 3, 11
Let d(p) = 6*p + 32. Let i be d(-6). List the prime factors of (6 - 1) + (3 - -5)/i.
3
Let x be (-1 - -1)/(-3 - -2). Suppose 7*r - 3*r - 692 = x. Suppose 3*f + 2*l = r, 6*f + 3*l = 3*f + 168. List the prime factors of f.
61
Let c = 1106 - -314. What are the prime factors of c?
2, 5, 71
Let o(f) = 185*f + 16. What are the prime factors of o(3)?
571
Let b(i) = 11*i + 36. Let k = 50 - 37. List the prime factors of b(k).
179
Suppose 2*r = 7*r - 150. Let u = r - 25. Suppose -t + 36 = -4*y, -u*t - 6*y = -3*y - 295. List the prime factors of t.
2, 7
Suppose v + 9 = 5*z, 0*v + 25 = 5*z - 5*v. List the prime factors of -10*(z + -3)*1.
2, 5
Let d = -65 + 145. Let n = d - -9. List the prime factors of n.
89
Let c(g) = g + 25. Let i be c(-18). Suppose i*k - 2*k = 280. List the prime factors of k.
2, 7
List the prime factors of (-3 - -5)/(4/510).
3, 5, 17
Let x = -392 - -570. Let i = x + -87. What are the prime factors of i?
7, 13
Suppose 3*x - 12007 = t, -2*t + 16026 = 7*x - 3*x. Suppose -37*s + 24*s = -x. List the prime factors of s.
2, 7, 11
Suppose -4*p - 3002 = -2*k, 21*k + p = 26*k - 7496. What are the prime factors of k?
1499
Suppose 25*g + 25 = 30*g. Let v(u) = 2*u**3 - 6*u**2 + 3*u - 3. List the prime factors of v(g).
2, 7
Suppose 2*s - 4*a - 3 + 89 = 0, -2*s = -a + 86. Let i = s - -108. What are the prime factors of i?
5, 13
Let d(y) = 44*y**2 - 9*y - 15. What are the prime factors o